is the tens digit of z?
1
Let m(k) = -k**2 - 14*k - 5. Let u be m(-11). Let j = u + 40. What is the tens digit of j?
6
Let h be (51/12 + -3)*40. Let f = -11 - -16. Suppose f*a - h = a + 3*d, 2*a - 3*d - 22 = 0. What is the units digit of a?
4
Suppose 10*y = 14499 + 16861. What is the units digit of y?
6
Let v be 5/((125/10)/5). Suppose 2*g + 5 = x - v*x, -15 = 3*g. What is the units digit of x?
5
Suppose -10*f = -15*f + 10. Let y = 3 - f. What is the units digit of y?
1
Suppose 2*g - 2*j = 48, 5*g + 0*g + j = 96. Let x be 145/g - (-4)/(-16). Suppose 4*i = 3*y - 13, -5*i = -2 + x. What is the units digit of y?
3
Let d(h) = h - 1. Let o be d(-16). Let n = -25 - o. Let j(u) = u**3 + 10*u**2 + 12*u + 7. What is the tens digit of j(n)?
3
Suppose i + 7*k - 2325 = 6*k, 3*i - 6977 = -4*k. What is the thousands digit of i?
2
Let a(d) = 6*d - 5. Let w(v) = -9*v + 7. Let r(c) = 8*a(c) + 5*w(c). Let m be r(6). Let k = m + -5. What is the units digit of k?
8
Let y(r) = 14*r + 4. Let o be y(5). Let k = 169 - o. Let m = -49 + k. What is the tens digit of m?
4
Let a(s) = -6*s - 33. Let h be a(-8). Let b = 71 - h. What is the units digit of b?
6
Let t(u) = -3*u**3 - 2*u**2 - u. Let g be t(-1). Suppose 0 = g*j + m + 2 + 2, 4*m = -8. What is the units digit of ((-1)/j)/(2/88)?
4
Let v(s) = s**3 + 2*s**2 + 3. Let n be v(-2). Suppose -155 = -2*t - n*t. What is the tens digit of t?
3
Suppose -34 + 4 = -5*m. What is the tens digit of (-75)/m*48/(-20)?
3
Let c(p) be the second derivative of 5*p**4/12 - p**3/6 - 12*p**2 + 15*p. What is the hundreds digit of c(-6)?
1
Suppose 0 = 2*y - 6, 3*f + 3*y + 0*y = 6783. What is the hundreds digit of f?
2
Suppose d - 1317 = -314. Suppose 5*i - 377 = d. What is the tens digit of i?
7
Let n(z) = 27*z**2 - 30*z - 20. What is the thousands digit of n(-6)?
1
Let u = -559 - -2068. What is the thousands digit of u?
1
Let l(h) = 3*h**3 - h**2 + 13*h - 10. What is the units digit of l(6)?
0
Let b = 22 - 1. Let x = b + -21. Suppose x*u - 2*u + 2*s = -46, -77 = -3*u + s. What is the units digit of u?
7
Let p = 3117 - 2907. What is the tens digit of p?
1
Let p = -215 - -589. What is the units digit of p?
4
Suppose 2*i - 4*j = 1372, -3554 = -5*i - 3*j - 85. What is the tens digit of 42/(-98) + i/14?
4
Let f(x) = x + 8. Let s be f(-5). Let y be -16*(4 - 32)/4. What is the tens digit of 3/(4*s/y)?
2
What is the tens digit of (-2)/2 + 445 + -4?
4
Let x = 1 + 0. What is the tens digit of 42/(-14) - (-26 - x - 1)?
2
Let y(i) = -29*i + 24. What is the tens digit of y(-12)?
7
Let k(o) = 23*o**2 + 23*o + 11. What is the hundreds digit of k(-5)?
4
Let w(l) = -l**3 + 6*l**2 - l + 8. Let i be w(6). What is the units digit of i/5 - 3/(-5)?
1
Suppose -2*h - 5 = -15. Suppose 0 = -5*j - 4*t + 8, -4*j = -6*j + h*t - 10. Suppose 0*g + 3*g - 183 = j. What is the tens digit of g?
6
What is the units digit of 3 + 10/(-4) - 4744/(-16)?
7
Suppose 15*l = 279 + 5241. What is the tens digit of l?
6
Let f = -49 - -54. Suppose -2*r + 2*u = -270, -139 = -f*r + 4*r - u. What is the tens digit of r?
3
Suppose 4*p - 4*i = 2616, -2*p - 2*p + 3*i + 2613 = 0. What is the tens digit of p?
5
Let v = -12 + 16. What is the units digit of 698/6 + v/(-12)?
6
Let x(h) = -10*h + 12. Let t be x(-9). Suppose 0 = 10*g - t - 468. What is the tens digit of g?
5
Let q be (-9)/((-108)/(-16))*-69. What is the units digit of 57/38*q/3?
6
Suppose -9*x + 8061 = -6447. What is the tens digit of x?
1
Let m be (13 - 13) + (-8)/2. Let y(v) = -2*v**2 + 2*v + 8. Let s be y(m). What is the units digit of 1/4 - 216/s?
7
Let i(p) be the first derivative of 8*p**3/3 - 3*p**2/2 - 3*p - 17. What is the tens digit of i(2)?
2
Let z = -122 + 213. Suppose -113 = -6*k + z. What is the units digit of k?
4
Let x(r) = r**2 - 12*r + 4. Let u be x(12). What is the tens digit of (-1)/(u/8) - -73?
7
Let a = 13 + -20. What is the tens digit of (-3801)/(-49) + 2*2/a?
7
Let b = 47 + -40. Suppose 0 = 21*m - b*m - 4004. What is the tens digit of m?
8
Let n(a) = a**3 - 7*a**2 - 12*a - 4. What is the hundreds digit of n(10)?
1
What is the tens digit of 1/((-35)/(-530)) + (-1)/7?
1
Suppose 199 = -5*o - 4*z - 25, 0 = -o - 4*z - 32. Let f = 78 + o. What is the tens digit of f?
3
What is the units digit of 195180/90*3/2?
3
Let g = 32 - 2. Let x be 129/2*80/g. Suppose 5*b = x + 43. What is the units digit of b?
3
Let q be (72/(-10))/((-8)/20). Let d = -36 + q. What is the units digit of 12/d + 46/6?
7
Let m = -53 + 51. What is the units digit of m/7 + (-1833)/(-21)?
7
Let v(y) = y - 1. Let q be v(3). Suppose -100*s - 96 = -101*s. Suppose h = -q*h + s. What is the tens digit of h?
3
Let y be (10/(-3))/((-2)/(-15)). Let p be 36*(-3)/6*13/(-3). Let d = y + p. What is the tens digit of d?
5
Let j be (8/5 - 2)*-45. Suppose -5*b + j = q, b = -5*q - 0*b + 186. Suppose d = -d + q. What is the units digit of d?
9
Let o(m) be the first derivative of m**4/4 + 2*m**3/3 - m + 13. Suppose -t + 2*t - 15 = -4*c, t - 2*c + 3 = 0. What is the tens digit of o(t)?
4
Let o be ((-33)/(-4))/((-39)/(-12) + -3). Suppose -o = -6*b + 5*b. What is the units digit of b?
3
Let m be 16*((-264)/32)/(-11). Let v(r) = -r**2 - 5*r - 2. Let t be v(-4). Suppose t*f = -m + 32. What is the tens digit of f?
1
Suppose 5*d - 449 = -o, 0*o = 5*o - 20. Let y = 178 - d. What is the tens digit of y?
8
Let u be 6 - ((-3)/1 + 4). Suppose u*t = -0*t - 30. What is the units digit of 44/66 - 140/t?
4
Let c = -1059 - -1730. What is the units digit of c?
1
Suppose 0 = a - 1, -a - 6 = -5*n - 2*a. Suppose -46*s - 11 = -47*s. Suppose -s - n = -k. What is the units digit of k?
2
Let u = 7 + -4. Suppose 2*j + j = 15. Suppose 4*o - z = 2*z + 118, -u*o = -j*z - 94. What is the units digit of o?
8
Suppose -7*w + 8*w + 5 = 0. What is the units digit of (4/w)/(6/(-165))?
2
Let r be (-8)/(-32) + 129/12. Let l = r + -11. Suppose l*c - 4*c = -116. What is the units digit of c?
9
Let w(v) = -6*v**2 - 2*v + 1. Let h be w(2). Let d be (-6)/h - (-716)/18. Suppose 0 = y - 3*t - 35, t = -3*y - 3*t + d. What is the units digit of y?
0
Let d(p) = 3*p**2 - 31*p + 1. What is the hundreds digit of d(-10)?
6
Let v = 1772 + -1086. What is the units digit of v?
6
Let u be (1 + (-18)/(-4))*2. Let b = u - 3. What is the units digit of (1/(-2))/((-1)/b)?
4
Let x(z) = 13*z + 15. Let q be x(-8). Let r = q + 168. What is the tens digit of r?
7
Let s(f) = -f**2 + 4*f. Let i be s(3). Suppose i*m - 20 = -5. Suppose 3*y + 5*o - 27 = 0, 3 + m = -y + 4*o. What is the units digit of y?
4
Let v(b) = 9*b**2 + 22*b + 19. What is the tens digit of v(-11)?
6
What is the tens digit of (-4)/3 - 17/((-204)/4000)?
3
Let s(d) = 5*d - 2. Let t(n) = n. Let v(u) = s(u) - 6*t(u). Let b be v(10). Let i = 16 + b. What is the units digit of i?
4
Suppose -20 = -7*f + 2*f. What is the units digit of 2 - (-47 - f) - 4?
9
Let y(j) = -4*j - 10 - 34*j - 7 + 4 - 2*j**2. What is the tens digit of y(-15)?
0
Suppose -2895 = -6*a + 171. What is the hundreds digit of a?
5
What is the tens digit of 12/21*(-4837)/(-4)*2?
8
Let d(h) = -2042*h - 157. What is the units digit of d(-2)?
7
Suppose -2*z + 24 = 4*l, 7 = 4*z - l - 14. What is the tens digit of (z/4)/((-4)/(-48))?
1
Suppose 2*m = -4*d + 6*m, 3*d = 4*m + 1. Let t be 5/(-4)*12/d. Suppose 7*z + 4*k = 2*z + t, -4*k + 1 = 3*z. What is the units digit of z?
7
Suppose -17*h + 21*h + 212 = -4*j, 5 = 5*j. What is the units digit of (-4)/(-2 - 96/h)?
8
Let p(v) = -v**3 - 9*v**2 + 21*v - 8. Let g be p(-11). Suppose -4*f - 607 = -g*r, f = 5*r + 129 - 1169. What is the hundreds digit of r?
2
Suppose c - 10 = 2*m + m, -5*m - 26 = -4*c. Suppose c*g - 5*g = 0. What is the units digit of (2 - g)/((-4)/(-30))?
5
Suppose -13*v + 47040 = 17*v. What is the tens digit of v?
6
Let s = -1189 - -1884. What is the tens digit of s?
9
Let i(s) = s**2 + 19*s + 36. Let h be i(-17). Suppose -267 = -3*u + 2*q - 45, -153 = -h*u + 3*q. What is the tens digit of u?
7
Let d be (-4)/(-14) - 2556/126. Let y(c) = -15*c - 20. Let p(u) = u + 1. Let k(m) = d*p(m) - y(m). What is the units digit of k(-7)?
5
Suppose 0 = 23*u - 11*u - 11520. What is the units digit of u?
0
Let r(j) = 29*j**2 + 3*j - 1. Suppose -3*y - 8 = z, 2*y - 3*z + 8 = -12. Let d be 2/y - 18/(-12). What is the units digit of r(d)?
1
Let t = 53 - 32. Suppose f + 